ert -71 (base 14) to base 13.
-78
Convert 21 (base 11) to base 8.
27
Convert -210 (base 3) to base 11.
-1a
Convert -7 (base 11) to base 15.
-7
What is -2 (base 12) in base 5?
-2
What is -10 (base 6) in base 10?
-6
What is -b (base 14) in base 7?
-14
Convert 3a (base 11) to base 6.
111
Convert -23 (base 12) to base 5.
-102
Convert -11 (base 12) to base 8.
-15
Convert -16 (base 14) to base 13.
-17
Convert -100010 (base 2) to base 12.
-2a
What is -6 (base 15) in base 10?
-6
Convert -4 (base 6) to base 8.
-4
What is -1002 (base 3) in base 15?
-1e
What is 23 (base 12) in base 5?
102
What is 92 (base 11) in base 6?
245
-467 (base 8) to base 2
-100110111
3 (base 6) to base 2
11
What is 1 (base 6) in base 2?
1
111101 (base 2) to base 5
221
Convert -2 (base 8) to base 2.
-10
0 (base 9) to base 2
0
Convert -177 (base 10) to base 9.
-216
What is 21 (base 5) in base 10?
11
What is a (base 13) in base 7?
13
-30 (base 5) to base 12
-13
0 (base 2) to base 14
0
What is 182 (base 9) in base 11?
131
What is -23 (base 11) in base 5?
-100
3 (base 5) to base 2
11
11 (base 13) to base 15
e
30 (base 10) to base 4
132
What is 11112 (base 3) in base 4?
1322
What is -2 (base 15) in base 4?
-2
Convert 231 (base 5) to base 15.
46
What is -11 (base 3) in base 15?
-4
What is -12b (base 12) in base 4?
-2303
What is 1 (base 11) in base 6?
1
1100 (base 2) to base 7
15
What is -8 (base 9) in base 2?
-1000
Convert -10011 (base 2) to base 16.
-13
What is 0 (base 9) in base 14?
0
-5 (base 16) to base 15
-5
Convert -7 (base 10) to base 4.
-13
What is -4 (base 7) in base 11?
-4
What is 45 (base 6) in base 16?
1d
What is 11 (base 3) in base 10?
4
What is 22112 (base 3) in base 4?
3212
-45 (base 6) to base 11
-27
Convert 39 (base 11) to base 12.
36
-320 (base 7) to base 14
-b7
2c (base 15) to base 13
33
What is 512 (base 6) in base 15?
c8
-2022 (base 5) to base 3
-100201
What is 1320 (base 4) in base 12?
a0
What is 12 (base 3) in base 5?
10
What is 95 (base 11) in base 5?
404
-24 (base 6) to base 3
-121
Convert -13 (base 8) to base 5.
-21
What is 0 (base 8) in base 6?
0
-45 (base 11) to base 14
-37
What is -18 (base 12) in base 5?
-40
12 (base 14) to base 3
121
What is -1 (base 10) in base 6?
-1
What is 1001100 (base 2) in base 4?
1030
What is 16 (base 7) in base 6?
21
Convert 4 (base 12) to base 6.
4
Convert -1002 (base 3) to base 6.
-45
12 (base 10) to base 12
10
What is 1101 (base 4) in base 16?
51
What is 2 (base 12) in base 15?
2
What is 23 (base 6) in base 7?
21
245 (base 7) to base 16
83
What is 13 (base 4) in base 12?
7
What is 10b (base 13) in base 16?
b4
66 (base 11) to base 12
60
What is 136 (base 9) in base 6?
310
-4 (base 5) to base 11
-4
What is 37 (base 14) in base 4?
301
2 (base 10) to base 16
2
What is 16 (base 11) in base 14?
13
Convert 3 (base 7) to base 10.
3
2 (base 7) to base 16
2
-21 (base 10) to base 9
-23
Convert 12121 (base 3) to base 9.
177
Convert -14 (base 11) to base 6.
-23
Convert -1 (base 12) to base 11.
-1
2 (base 3) to base 4
2
What is 32 (base 7) in base 3?
212
Convert -1 (base 8) to base 9.
-1
Convert -4 (base 11) to base 9.
-4
3 (base 12) to base 11
3
Convert -9 (base 16) to base 15.
-9
Convert -13 (base 4) to base 13.
-7
16 (base 10) to base 9
17
Convert 10111100 (base 2) to base 9.
228
Convert -35 (base 9) to base 11.
-2a
What is -1 (base 12) in base 13?
-1
What is 1 (base 7) in base 11?
1
-3 (base 12) to base 10
-3
Convert -16 (base 8) to base 2.
-1110
Convert 1001 (base 3) to base 13.
22
Convert -2 (base 15) to base 6.
-2
Convert -1 (base 15) to base 8.
-1
What is -2 (base 10) in base 11?
-2
Convert 24 (base 7) to base 15.
13
1 (base 5) to base 3
1
What is 2 (base 8) in base 15?
2
-11 (base 3) to base 2
-100
-4 (base 5) to base 15
-4
What is -20 (base 13) in base 8?
-32
d (base 14) to base 15
d
What is 14 (base 15) in base 6?
31
What is -8 (base 14) in base 8?
-10
What is -1 (base 3) in base 4?
-1
What is 8 (base 9) in base 11?
8
What is 3 (base 7) in base 13?
3
What is 0 (base 5) in base 11?
0
What is -100 (base 2) in base 9?
-4
What is -121 (base 5) in base 15?
-26
Convert -451 (base 8) to base 15.
-14c
501 (base 7) to base 14
138
10 (base 15) to base 10
15
52 (base 12) to base 10
62
16 (base 14) to base 13
17
10 (base 2) to base 9
2
4 (base 8) to base 14
4
Convert 31 (base 4) to base 6.
21
-1332 (base 5) to base 7
-430
What is 101 (base 2) in base 4?
11
What is 0 (base 14) in base 2?
0
Convert -4 (base 5) to base 7.
-4
Convert 2 (base 5) to base 6.
2
What is -fb (base 16) in base 7?
-506
Convert 4 (base 14) to base 2.
100
-64 (base 15) to base 2
-1011110
0 (base 15) to base 8
0
What is -5 (base 11) in base 12?
-5
58 (base 16) to base 13
6a
1 (base 2) to base 7
1
What is -32 (base 7) in base 9?
-25
3013 (base 4) to base 2
11000111
What is 16 (base 9) in base 2?
1111
What is 2 (base 4) in base 11?
2
Convert 20 (base 6) to base 16.
c
-12 (base 5) to base 9
-7
What is -74 (base 15) in base 4?
-1231
What is -112 (base 10) in base 16?
-70
-26 (base 16) to base 9
-42
Convert 0 (base 7) to base 11.
0
Convert 5 (base 13) to base 9.
5
Convert -2121 (base 4) to base 7.
-306
3 (base 7) to base 9
3
What is 2 (base 3) in base 9?
2
Convert 112 (base 10) to base 11.
a2
-7 (base 14) to base 11
-7
-1 (base 6) to base 12
-1
What is 3 (base 9) in base 13?
3
Convert -2 (base 3) to base 13.
-2
55 (base 11) to base 6
140
What is -6 (base 9) in base 11?
-6
17 (base 12) to base 9
21
Convert 10100 (base 2) to base 12.
18
212 (base 6) to base 2
1010000
Convert -13 (base 7) to base 10.
-10
Convert 224 (base 6) to base 3.
10021
Convert 101 (base 2) to base 9.
5
-75 (base 10) to base 15
-50
Convert 3 (base 5) to base 4.
3
Convert -11 (base 15) to base 14.
-12
What is -104 (base 6) in base 7?
-55
Convert -24 (base 7) to base 5.
-33
65 (base 13) to base 3
10002
-28 (base 13) to base 2
-100010
Convert 3 (base 15) to base 14.
3
-11100 (base 2) to base 9
-31
Convert 430 (base 5) to base 9.
137
Convert -2 (base 7) to base 2.
-10
Convert -330 (base 4) to base 5.
-220
What is 70 (base 10) in base 16?
46
What is -8 (base 16) in base 11?
-8
10100 (base 2) to base 6
32
What is 24 (base 7) in base 11?
17
Convert 2 (base 15) to base 14.
2
Convert 1 (base 12) to base 14.
1
-11111 (base 2) to base 7
-43
4 (base 14) to base 3
11
10100 (base 2) to base 3
202
2 (base 11) to base 6
2
What is 73 (base 9) in base 5?
231
Convert -1 (base 9) to base 12.
-1
-1000000 (base 2) to base 14
-48
What is -22 (base 12) in base 15?
-1b
Convert 18 (base 9) to base 8.
21
12 (base 9) to base 4
23
-153 (base 13) to base 7
-456
16 (base 11) to base 5
32
What is 43 (base 6) in base 7?
36
-5 (base 10) to base 3
-12
Convert -1 (base 3) to base 13.
-1
-1 (base 6) to base 2
-1
What is -4 (base 7) in base 10?
-4
-541 (base 7) to base 12
-1aa
187 (base 13) to base 6
1144
-1b (base 16) to base 15
-1c
What is 120 (base 4) in base 6?
40
What is -2 (base 4) in base 5?
-2
What is 1541 (base 6) in base 9?
517
Convert 2 (base 13) to base 5.
2
What is 1 (base 14) in base 9?
1
Convert 23 (base 12) to base 11.
25
Convert -11 (base 3) to base 9.
-4
Convert -11 (base 2) to base 12.
-3
-122 (base 6) to base 7
-101
Convert 1 (base 15) to base 12.
1
What is -41 (base 9) in base 15?
-27
Convert 5 (base 10) to base 16.
5
Convert 2 (base 15) to base 2.
10
What is 2 (base 5) in base 10?
2
What is -2 (base 11) in base 16?
-2
What is -18 (base 15) in base 5?
-43
Convert 110111 (base 2) to base 8.
67
What is 85 (base 9) in base 13?
5c
5 (base 6) to base 11
5
What is -111 (base 5) in base 12?
-27
What is -223 (base 7) in base 13?
-8b
What is -12 (base 3) in base 2?
-101
Convert 6 (base 11) to base 5.
11
Convert -200 (base 7) to base 13.
-77
What is 11 (base 6) in base 14?
7
What is -11 (base 7) in base 4?
-20
What is 100 (base 5) in base 11?
23
What is 2 (base 8) in base 14?
2
Convert 2 (base 3) to base 10.
2
What is -2 (base 15) in base 11?
-2
Convert -40 (base 12) to base 16.
-30
-99 (base 10) to base 2
-1100011
26 (base 16) to base 4
212
Convert -12 (base 3) to base 7.
-5
6 (base 8) to base 5
11
Convert 1 (base 11) to base 10.
1
-44 (base 10) to base 3
-1122
-2 (base 7) to base 6
-2
121 (base 5) to base 14
28
Convert -cb (base 13) to base 16.
-a7
2 (base 9) to base 7
2
What is -5 (base 10) in base 16?
-5
Convert 0 (base 10) to b